e 68 = -5*j - u + 262, c = 2*j + 5*u - 96. What is the remainder when 150 is divided by j?
36
Let q = -130 + 187. Let c = 393 + -360. What is the remainder when q is divided by c?
24
Suppose 0 = -0*v - 4*v - 8, -3*v - 12 = -2*q. Suppose -p = 2*j - 4, -q*p = 2*p. Suppose -221 + 69 = -j*n. What is the remainder when n is divided by 11?
10
Suppose 36450 = 99*g - 81. What is the remainder when g is divided by 365?
4
Suppose 6*j - 17743 = -5623. Suppose j = 9*m - 842. Calculate the remainder when m is divided by 46.
42
Let z be ((-32)/5)/(2/(-10)). Suppose 137*n - 141*n = -z. What is the remainder when 74 is divided by n?
2
Suppose -7*w + 14*w = 35. Suppose 4*v - 560 = 4*j, w*j = -v + 75 + 59. What is the remainder when v is divided by 31?
15
Suppose 0 = -389*i + 638*i - 632709. Calculate the remainder when i is divided by 94.
3
Let x be (-3 - -3)*(1 + (-1 - -1)). Suppose -9*r + 13*r - 20 = x. Suppose -r*p - 30 = -7*p. What is the remainder when 42 is divided by p?
12
Let p = -98 + 168. Let a(r) = -11*r**2 + 3*r - 3. Let z(d) = d**2 - 5. Let t(h) = -a(h) + 2*z(h). Calculate the remainder when p is divided by t(-1).
7
Let u(s) = 505*s + 3652. What is the remainder when 223 is divided by u(-7)?
106
Suppose 2897*z - 2528 = 5787*z - 2906*z. What is the remainder when z is divided by 102?
56
Suppose -m + 814 = -4*r, 0*m + 4*r + 1620 = 2*m. Suppose -m - 1630 = -28*v. Calculate the remainder when v is divided by 400/18 + 4/(-18).
21
Let r(o) be the second derivative of o**5/20 + 13*o**4/12 + 4*o**3/3 - 21*o**2 - 49*o + 1. Calculate the remainder when r(-10) is divided by 15.
13
Let b = -941 - -1556. Let f = b - 594. What is the remainder when 28 is divided by f?
7
Let z(f) = -f**3 - 94*f**2 - 191*f - 484. Calculate the remainder when z(-92) is divided by 91.
69
Calculate the remainder when ((-13)/(-5) - (-8)/20)/(27/2187) is divided by 7.
5
Suppose 315 = t + 8*t. Suppose 0 = -5*p - 2*p + 35. Suppose 47 = p*m - g, -3*m - 2*g - g = -21. Calculate the remainder when t is divided by m.
8
Suppose 104*b + 840 = 112*b. What is the remainder when 315 is divided by b?
0
Suppose 152*u - 37861 = 23756 - 2641. What is the remainder when u is divided by 98?
94
Let a(d) = -40 + 256 + 3*d**2 - 122 - 40*d. What is the remainder when 131 is divided by a(11)?
12
Let z(g) = -2*g + 59. Let n be z(28). Suppose -185 = -4*f - 5*l + 6*l, n*l = 3*f - 141. Calculate the remainder when f is divided by 16.
14
Suppose 28*v - 34*v = 1596. Let r = 272 + v. What is the remainder when 8 is divided by r?
2
Let y = -150839 - -150965. Suppose 3*r - 10 = -3*m + 17, -5*m = 3*r - 25. Calculate the remainder when y is divided by r.
6
Suppose 0 = -3*a - g + 7, -20 + 2 = -2*a + 2*g. Let p be 2/(a/1 + -3). Suppose p*y = 45 + 25. Calculate the remainder when y is divided by 12.
11
Let d(p) = 365*p + 1151. What is the remainder when 134 is divided by d(-3)?
22
Suppose -3*v + 38 = -f + 34, f + 4*v - 24 = 0. What is the remainder when 420 is divided by f?
4
Suppose 36879 - 37005 = -21*s. Calculate the remainder when 1137 is divided by s.
3
Suppose 0*p = -2*p + 2*t + 10, -6 = 3*t. Suppose 0*a - p*a - m = -29, 5*a = 3*m + 39. What is the remainder when (a - 4)/((-5)/(-15)) is divided by 9?
6
Let l = -49 + 50. Let w be (l + 189/6)/(2/(-4)). Let a = -59 - w. Calculate the remainder when 22 is divided by a.
4
Suppose 42*f = 2792 + 5104. Calculate the remainder when f is divided by 62.
2
Let q = -17 + 52. Suppose 35 = 3*i + 2*t, i - 4*t - q = -0*i. Suppose -5*h = 3*p - i - 154, -10 = -5*h. Calculate the remainder when p is divided by 14.
11
Let n be (0 - -3)/(48/1472). Suppose -f + 5*a + 295 = 2*f, 355 = 4*f + a. What is the remainder when f is divided by (0 - n/1)*(-2)/8?
21
Let g be (2 + -20)*5/(-8 + 3). Suppose -m - g = -81. Let a = m - 15. Calculate the remainder when a is divided by 26.
22
Suppose 8*l - 17 = -1. Let s be (0/l + -2)*(-20)/(-8). Let o(v) = -2*v**2 - 14*v - 11. What is the remainder when 9 is divided by o(s)?
0
Suppose 96*x - 64 = 88*x. Suppose 2*i - 8 - 2 = 0. What is the remainder when x is divided by i?
3
Suppose 54*h - 4520 = 59*h - 15180. What is the remainder when h is divided by 89?
85
Let r = 62 + -56. Suppose -3*h - 385 = -r*v + v, 5*v - 385 = -3*h. Suppose 8*t - 50 = 3*t. What is the remainder when v is divided by t?
7
Let b = 171 - 28. Calculate the remainder when 1024 is divided by b.
23
Suppose 39 = 22*r - 71. Suppose l + 5*a - 56 = 0, r*l - 240 - 64 = -a. What is the remainder when l is divided by 16?
13
Suppose z + i = 37, -7*i + 2*i + 5 = 0. What is the remainder when 220 is divided by z?
4
Suppose -5*x + 3*g + 137 = 0, 8*x - 173 = 2*x - 5*g. Calculate the remainder when 1397 is divided by x.
25
Suppose -71 = -g - 1113*d + 1116*d, 3*d = -12. What is the remainder when 229 is divided by g?
52
Let h = -36 - -37. Suppose 4*l + 14 = 5*j - h, 2*j - l = 6. Calculate the remainder when j is divided by 1.
0
Let n be (-4)/(-38) - 649/209. Let w = 20 - n. Calculate the remainder when 274*1*(-9)/(-18) is divided by w.
22
Let n(t) = 2*t**3 + 72*t**2 - 28*t - 147. Calculate the remainder when n(-36) is divided by 135.
51
Calculate the remainder when (-419075)/(-20)*6/60 + 6/(-16) is divided by 35.
30
Let b(h) = 4*h**2 - 3*h - 7. Let a be b(-8). Let m = 395 - a. Let o = -2153 + 2178. What is the remainder when m is divided by o?
22
Let j = -66 - -11. Let m = 196 + j. Suppose 59 = -4*n + 128 + 27. Calculate the remainder when m is divided by n.
21
Let p(c) = 18*c + 410. Calculate the remainder when 86 is divided by p(-22).
2
Calculate the remainder when (99/(-22) + 4)/((-1)/3394) is divided by 14.
3
Let z = 256 - 100. Let s = 255 - z. Calculate the remainder when s is divided by 3.
0
Suppose 11*g - 7*g - 12 = 0. Let m(n) = -n**2 + 52*n - 143. Calculate the remainder when m(46) is divided by g.
1
Let l be -1 + -532 - (-87)/29. Let v = l + 535. Calculate the remainder when v is divided by 2.
1
Let v(p) = 6*p + 96. Let z be ((-75)/4)/3 - (-42)/(-56). Let y(f) = -21*f - 1. Calculate the remainder when v(z) is divided by y(-1).
14
Suppose -14*m + 5*m + 45 = 0. Suppose 4*x - 196 = 2*r, 245 = -0*x + 5*x - m*r. Calculate the remainder when -3*((-596)/21 + (-14)/x) is divided by 13.
8
Suppose 0 = -a - 18*a. Suppose 8*h - 113 - 55 = a. What is the remainder when 77 is divided by h?
14
Let i(q) = 2*q**3 - q - 3141 + 3242 - q**3. Suppose 19 = -5*v + 104. Calculate the remainder when i(0) is divided by v.
16
Let a(u) = 70*u**2 - 7*u + 28. Let i(p) = -p**2 + 26*p - 22. Let j be i(25). What is the remainder when a(j) is divided by 10?
7
Let g(p) = 43*p - 769. What is the remainder when 187 is divided by g(19)?
43
Suppose 9425 = 449*b - 57925. What is the remainder when 152 is divided by b?
2
Suppose 6*y - 7457 = -b, 4*b - 29912 = -6*y + 3*y. Calculate the remainder when b is divided by 58.
57
Let x = -32 - -17. Let f(j) = j**3 + 9*j**2 + 7*j + 48. Let z be f(-8). Let g = z + x. Calculate the remainder when 244 is divided by g.
39
Let c = -3719 - -4721. Calculate the remainder when c is divided by 59.
58
Let g = -3817 + 4899. What is the remainder when g is divided by 178?
14
Suppose -l + 31 = 133. Suppose 0 = 4*m - 2*u + 570, 0 = 4*m + 9*u - 7*u + 582. Let v = l - m. What is the remainder when 121 is divided by v?
37
Let d(t) = 21*t**3 - 2*t**2 + 2*t - 1. Let n be d(1). Let a be 10/n + (-15)/(-2). Calculate the remainder when 31 is divided by (4*1)/(a/16).
7
Suppose 471 = -11*b + 724. Let y = 5 + -2. Calculate the remainder when b is divided by y.
2
Let d(t) = 7*t**2 - 10*t + 11. Let f be d(2). Suppose f*m = m + 1206. What is the remainder when 193 is divided by m?
59
Let x = -43 + 269. Suppose -3*k + x = 5*g, 4*k + 22 = g - 37. Calculate the remainder when g is divided by 20.
7
What is the remainder when 914 is divided by (2/4)/((-3933)/(-1962) - 2)?
42
Suppose 18*l + 22*l - 22762 = 2*l. Calculate the remainder when l is divided by 227.
145
Suppose -11*l + 265 = -406. What is the remainder when 553 is divided by l?
4
Let c(a) = -a - 8. Let u be c(11). Let y = u + 30. Let j = 37 - 17. What is the remainder when j is divided by y?
9
Let y be (-8 + 6)*10*-1*1. Suppose -3*f + 12*i + 109 = 7*i, -5*i + y = 0. What is the remainder when 73 is divided by f?
30
Let a be (-2)/13 + (-29)/((-3770)/280). Supp